
Is 8498996 a multiple of 2395?
False
Is 145804 a multiple of 180?
False
Does 13 divide 201058?
True
Is 61362 a multiple of 63?
True
Does 137 divide 416119?
False
Does 5 divide 120608?
False
Is 76600 a multiple of 40?
True
Is 1893194 a multiple of 20?
False
Is 288229 a multiple of 43?
True
Is 15414548 a multiple of 1832?
False
Does 468 divide 311220?
True
Is 56 a factor of 113265?
False
Is 662676 a multiple of 1029?
True
Is 72 a factor of 274896?
True
Is 40 a factor of 918765?
False
Is 15 a factor of 54040?
False
Does 7 divide 290413?
False
Does 64 divide 65248?
False
Does 451 divide 6337001?
True
Is 29 a factor of 5447281?
False
Is 294 a factor of 1616372?
False
Is 95 a factor of 12227545?
True
Is 1039500 a multiple of 372?
False
Does 88 divide 6889753?
False
Does 1516 divide 6580956?
True
Does 41 divide 115789?
False
Is 2588707 a multiple of 59?
False
Is 8007820 a multiple of 3?
False
Is 16 a factor of 18987?
False
Does 727 divide 143746?
False
Is 869 a factor of 2263745?
True
Is 2972550 a multiple of 30?
True
Is 33629 a multiple of 6?
False
Is 153 a factor of 183137?
False
Does 292 divide 132266?
False
Does 3 divide 75951?
True
Is 42 a factor of 27998?
False
Does 67 divide 111362?
False
Is 3799980 a multiple of 875?
False
Does 124 divide 32186414?
False
Is 25 a factor of 32401?
False
Is 30 a factor of 46110?
True
Is 205069 a multiple of 481?
False
Is 8 a factor of 5366974?
False
Is 38 a factor of 27778?
True
Does 10 divide 2020680?
True
Is 31 a factor of 9824458?
True
Is 765 a factor of 64113?
False
Is 36 a factor of 313668?
True
Does 25 divide 9818525?
True
Does 21 divide 4128889?
False
Does 12 divide 572916?
True
Is 291 a factor of 478404?
True
Does 510 divide 1242968?
False
Is 12 a factor of 23392176?
True
Is 94 a factor of 4597530?
False
Does 6 divide 101538?
True
Does 12 divide 207444?
True
Is 34 a factor of 351288?
True
Is 243827 even?
False
Does 69 divide 2086215?
True
Is 90 a factor of 125460?
True
Does 45 divide 6214554?
False
Does 27 divide 21870263?
False
Is 4407654 a multiple of 59?
True
Is 17208022 a multiple of 713?
False
Is 199 a factor of 145469?
True
Is 5458619 a multiple of 38?
False
Is 212 a factor of 460252?
True
Does 16 divide 133435?
False
Is 1099840 a multiple of 35?
True
Does 57 divide 1620644?
False
Does 64 divide 1064305?
False
Does 34 divide 162291?
False
Is 3097896 a multiple of 16?
False
Does 246 divide 2718300?
True
Is 203454 a multiple of 254?
True
Is 647 a factor of 116460?
True
Does 29 divide 336915?
False
Is 128 a factor of 683231?
False
Does 9 divide 121874?
False
Does 20 divide 24112?
False
Is 38 a factor of 151712?
False
Is 5362534 a multiple of 15?
False
Does 148 divide 444284?
False
Does 15 divide 661740?
True
Does 4 divide 237652?
True
Is 1208224 a multiple of 17?
True
Is 294435 a multiple of 14?
False
Is 214 a factor of 301694?
False
Is 36 a factor of 123048?
True
Does 15 divide 1093420?
False
Is 11 a factor of 589226?
True
Does 626 divide 236578?
False
Is 679 a factor of 2321501?
True
Does 259 divide 2339907?
False
Is 107770 a multiple of 10?
True
Is 7 a factor of 358362?
False
Is 88 a factor of 3295600?
True
Is 60416 a multiple of 128?
True
Does 273 divide 24064?
False
Is 340193 a multiple of 152?
False
Does 182 divide 39683?
False
Does 12 divide 3187872?
True
Does 384 divide 526683?
False
Is 47786832 a multiple of 16?
True
Does 56 divide 112116?
False
Does 117 divide 319878?
True
Is 11 a factor of 62921?
False
Is 13 a factor of 4595617?
True
Is 1550912 a multiple of 8?
True
Does 164 divide 475589?
False
Is 310010 a multiple of 184?
False
Is 1023382 a multiple of 18?
False
Does 36 divide 360036?
True
Is 1453 a factor of 2629587?
False
Does 11 divide 287353?
True
Does 74 divide 134310?
True
Is 5197236 a multiple of 132?
True
Is 40 a factor of 956866?
False
Is 148904 a multiple of 14?
True
Is 578 a factor of 24807546?
False
Is 469 a factor of 634557?
True
Is 2885960 a multiple of 11?
True
Is 39982 a multiple of 181?
False
Does 8 divide 40022?
False
Does 462 divide 2358048?
True
Is 4985991 a multiple of 9?
True
Is 489786 a multiple of 451?
True
Does 74 divide 503143?
False
Is 3684247 a multiple of 19?
False
Does 318 divide 124873?
False
Is 658504 a multiple of 308?
True
Is 3080874 a multiple of 15?
False
Does 5 divide 222905?
True
Is 820352 a multiple of 128?
True
Does 49 divide 74627?
True
Is 77999 a multiple of 6?
False
Is 8996439 a multiple of 37?
True
Is 26 a factor of 28314?
True
Does 331 divide 104265?
True
Is 6 a factor of 114710?
False
Is 23 a factor of 3893219?
False
Does 17 divide 56236?
True
Is 61 a factor of 2240591?
True
Is 110 a factor of 36376?
False
Is 372913 a multiple of 361?
True
Does 64 divide 213888?
True
Does 17 divide 2564093?
True
Is 312 a factor of 2793648?
True
Does 150 divide 11934900?
True
Is 16752703 a multiple of 49?
False
Is 185820 a multiple of 95?
True
Does 6 divide 22963?
False
Is 18 a factor of 16488?
True
Is 277498 a multiple of 213?
False
Is 2569972 a multiple of 645?
False
Is 548603 a multiple of 72?
False
Does 19 divide 622782?
True
Is 81391 a multiple of 44?
False
Is 13 a factor of 5949983?
True
Is 294392 a multiple of 389?
False
Is 204 a factor of 1179358?
False
Is 1766292 even?
True
Is 13 a factor of 6968500?
False
Does 19 divide 8411217?
False
Is 100 a factor of 284498?
False
Is 19 a factor of 3747856?
False
Is 6841340 a multiple of 220?
True
Is 583 a factor of 1687785?
True
Is 2540309 a multiple of 111?
False
Does 3 divide 414164?
False
Does 97 divide 117079?
True
Does 35 divide 133442?
False
Is 371740 a multiple of 13?
False
Is 725472 a multiple of 176?
True
Does 9 divide 100435?
False
Is 142 a factor of 26980?
True
Is 661 a factor of 1152940?
False
Is 10 a factor of 1037577?
False
Is 170542 a multiple of 71?
True
Does 5 divide 4600190?
True
Is 160160 a multiple of 46?
False
Is 50752 a multiple of 30?
False
Is 8 a factor of 104288?
True
Does 236 divide 332527?
False
Is 435530 a multiple of 5?
True
Does 111 divide 286380?
True
Is 13 a factor of 105011?
False
Does 2 divide 62280?
True
Is 54030 a multiple of 92?
False
Is 3454855 a multiple of 194?
False
Does 359 divide 2853691?
True
Is 591976 a multiple of 77?
True
Is 9 a factor of 25064?
False
Is 17 a factor of 90868?
False
Is 8669526 a multiple of 643?
False
Does 13 divide 495184?
False
Does 14 divide 291746?
True
Does 802 divide 2409973?
False
Is 613444 a multiple of 26?
True
Is 115408 a multiple of 16?
True
Does 17 divide 2203090?
False
Is 122752 a multiple of 137?
True
Is 7176820 a multiple of 5?
True
Is 195 a factor of 1484801?
False
Is 55604 even?
True
Is 382 a factor of 479717?
False
Does 76 divide 63080?
True
Does 46 divide 87650?
False
Is 2339495 a multiple of 116?
False
Does 3 divide 26950?
False
Does 447 divide 867180?
True
Is 416466 a multiple of 306?
True
Is 632 a factor of 193956?
False
Does 193 divide 2679612?
True
Does 156 divide 3468?
False
Does 22 divide 1165054?
True
Does 109 divide 7123019?
False
Does 11 divide 1071070?
True
Is 1133880 a multiple of 30?
True
Is 13 a factor of 30373?
False
Is 81 a factor of 4557618?
False
Is 6 a factor of 18158772?
True
Is 39 a factor of 111250?
False
Is 87 a factor of 135379?
False
Does 140 divide 1946840?
True
Is 10 a factor of 100775?
False
Is 43 a factor of 254087?
True
Is 9 a factor of 494766?
True
Is 132604 a multiple of 139?
False
Does 604 divide 205045?
False
Is 78 a factor of 232537?
False
Is 6706404 a multiple of 530?
False
Is 25388180 a multiple of 355?
True
Is 106 a factor of 1402461?
False
Is 11 a factor of 4217196?
False
Is 1720565 a multiple of 29?
False
Does 6 divide 241098?
True
Is 169550 a multiple of 93?
False
Is 150 a factor of 213450?
True
Is 26 a factor of 106289?
False
Does 2 divide 75379?
False
Does 610 divide 667003?
False
Is 312408 a multiple of 530?
False
Is 156616 a multiple of 4?
True
Is 67 a factor of 4169031?
False
Is 20 a factor of 1776812?
False
Is 2564 a factor of 26963024?
True
Does 508 divide 9224934?
False
Does 17 divide 832184?
True
Does 12 divide 16222?
False
Is 31 a factor of 534037?
True
Does 16 divide 119376?
True
Does 300 divide 260827?
False
Is 241389 a multiple of 10?
False
Is 31 a factor of 218736?
True
Is 25 a factor of 314625?
True
Is 5472201 a multiple of 25?
False
Does 16 divide 13711184?
True
Does 12 d